common factor of 32508 and 81.
27
Calculate the highest common divisor of 279 and 206336.
31
Calculate the greatest common factor of 3672 and 193239.
459
Calculate the greatest common factor of 2896 and 3077.
181
Calculate the greatest common factor of 64727 and 169.
169
What is the highest common divisor of 406 and 2107?
7
What is the highest common divisor of 198 and 1647?
9
What is the greatest common factor of 918 and 9378?
18
Calculate the greatest common factor of 48 and 206640.
48
What is the highest common divisor of 459744 and 272?
16
What is the greatest common factor of 93521 and 123?
41
What is the greatest common divisor of 10417 and 22?
11
Calculate the greatest common factor of 88021 and 387.
43
What is the greatest common factor of 98400 and 36576?
96
Calculate the highest common divisor of 82 and 698845.
41
What is the highest common factor of 1202204 and 1036?
148
Calculate the greatest common divisor of 364 and 98462.
182
Calculate the highest common divisor of 616 and 1979296.
88
What is the greatest common divisor of 1557 and 4245939?
1557
Calculate the greatest common factor of 2190 and 161330.
730
What is the greatest common divisor of 172 and 7992?
4
What is the highest common divisor of 2763687 and 123?
123
What is the greatest common divisor of 12990 and 570?
30
Calculate the greatest common divisor of 2 and 28054.
2
Calculate the highest common factor of 14 and 11528.
2
What is the highest common factor of 76 and 127452?
76
What is the highest common factor of 21 and 11214882?
21
Calculate the greatest common factor of 32686 and 354.
118
What is the greatest common divisor of 531 and 1416?
177
What is the highest common divisor of 75 and 244500?
75
What is the highest common divisor of 18759 and 8281?
169
What is the highest common divisor of 43 and 7077241?
43
What is the greatest common factor of 12792 and 39688?
328
What is the highest common factor of 75 and 68133?
3
Calculate the highest common divisor of 1935 and 60.
15
Calculate the highest common factor of 327085 and 57.
19
What is the highest common factor of 36350 and 500?
50
What is the greatest common divisor of 10727 and 34459?
17
What is the highest common factor of 1584 and 14850?
198
What is the greatest common divisor of 238315 and 9625?
385
What is the highest common factor of 1443 and 39312?
39
Calculate the highest common divisor of 161 and 28796.
23
What is the highest common divisor of 579453 and 42?
21
Calculate the highest common divisor of 60676 and 10638.
394
What is the greatest common divisor of 836320 and 2560?
160
Calculate the highest common factor of 17 and 441524.
17
What is the greatest common divisor of 180 and 1028490?
30
What is the highest common factor of 80 and 17540?
20
Calculate the greatest common factor of 969374 and 126.
14
What is the greatest common factor of 29302 and 98?
98
What is the greatest common divisor of 725 and 298033?
29
What is the highest common factor of 196 and 1130528?
196
Calculate the highest common divisor of 2760 and 1920.
120
Calculate the highest common divisor of 47928 and 96.
24
What is the greatest common factor of 1182 and 18?
6
What is the highest common divisor of 495504 and 992?
496
Calculate the greatest common divisor of 6256 and 14536.
184
What is the greatest common factor of 180 and 125010?
90
What is the greatest common factor of 1809 and 6147?
9
What is the greatest common divisor of 199 and 181289?
199
What is the greatest common factor of 79 and 1200642?
79
What is the highest common factor of 236 and 1498600?
236
Calculate the greatest common divisor of 140 and 326228.
28
What is the greatest common divisor of 320 and 17440?
160
What is the greatest common factor of 19345 and 219?
73
What is the greatest common divisor of 470 and 3580930?
470
Calculate the greatest common divisor of 2839420 and 20.
20
What is the greatest common divisor of 798 and 4522?
266
Calculate the greatest common divisor of 2926 and 3410.
22
Calculate the greatest common factor of 808 and 54742.
202
Calculate the highest common divisor of 812 and 54607.
203
What is the highest common factor of 333582 and 13197?
159
What is the greatest common divisor of 17 and 53601?
17
Calculate the greatest common factor of 1428 and 167748.
84
What is the highest common factor of 438481 and 51?
17
Calculate the greatest common divisor of 3040 and 2480.
80
Calculate the highest common divisor of 3224264 and 24.
8
What is the greatest common factor of 14007 and 92253?
483
Calculate the highest common divisor of 81884 and 88.
44
Calculate the highest common factor of 1508 and 3081.
13
Calculate the highest common factor of 57505 and 455.
35
What is the greatest common divisor of 5455035 and 180?
45
Calculate the greatest common divisor of 26008 and 232.
8
Calculate the greatest common divisor of 192 and 17344.
64
Calculate the highest common factor of 19 and 391533.
19
Calculate the highest common factor of 183 and 98393.
61
Calculate the highest common divisor of 88 and 184712.
88
Calculate the greatest common factor of 3310 and 40.
10
Calculate the greatest common divisor of 13175 and 1195050.
775
What is the highest common factor of 18120 and 285?
15
What is the greatest common divisor of 187 and 55114?
17
Calculate the highest common factor of 16 and 574888.
8
Calculate the greatest common factor of 15 and 233735.
5
Calculate the greatest common divisor of 263392 and 544.
32
What is the highest common divisor of 121 and 8602?
11
What is the highest common divisor of 1055110 and 70?
70
What is the highest common factor of 101486 and 44?
22
What is the highest common divisor of 321339 and 159?
159
What is the highest common factor of 382 and 199213?
191
What is the highest common factor of 1989186 and 114?
114
What is the greatest common divisor of 140 and 262948?
28
What is the highest common divisor of 76058 and 1632?
34
What is the greatest common divisor of 1839613 and 613?
613
Calculate the greatest common factor of 87920 and 14.
14
Calculate the greatest common divisor of 22 and 1099978.
22
What is the highest common divisor of 689 and 152534?
53
Calculate the greatest common factor of 130 and 459840.
10
Calculate the greatest common factor of 130 and 2834.
26
What is the highest common factor of 2050 and 20050?
50
What is the greatest common factor of 175641 and 3048?
381
What is the greatest common factor of 175 and 78125?
25
What is the highest common factor of 11938 and 1128?
94
What is the highest common factor of 333343 and 124?
31
Calculate the greatest common divisor of 440515 and 285.
95
What is the greatest common factor of 701116 and 4?
4
Calculate the highest common factor of 40754 and 98.
14
Calculate the greatest common factor of 138137 and 535.
107
What is the greatest common factor of 9 and 87741?
9
Calculate the highest common factor of 911151 and 261.
261
What is the highest common factor of 59 and 11883249?
59
Calculate the highest common divisor of 239029 and 14.
7
Calculate the greatest common factor of 175 and 4525.
25
What is the highest common divisor of 950 and 25555?
95
What is the highest common divisor of 1868 and 28?
4
Calculate the highest common factor of 504 and 62811.
63
What is the highest common factor of 58 and 8903?
29
What is the highest common divisor of 589 and 35495?
31
What is the greatest common factor of 2184 and 9891?
21
What is the highest common factor of 1155358 and 1401?
467
Calculate the greatest common divisor of 3680 and 144256.
736
Calculate the greatest common divisor of 800 and 7450.
50
Calculate the greatest common divisor of 3296 and 127411.
103
Calculate the highest common factor of 144324 and 8229.
633
Calculate the highest common divisor of 20 and 4082230.
10
Calculate the highest common factor of 4392 and 43432.
488
What is the greatest common divisor of 327447 and 63?
9
What is the greatest common divisor of 1205 and 600813?
241
What is the greatest common factor of 105398 and 22336?
698
Calculate the highest common divisor of 13897 and 221.
13
Calculate the greatest common divisor of 3154 and 13114.
166
Calculate the greatest common divisor of 315 and 98.
7
Calculate the highest common divisor of 680 and 5479780.
340
What is the greatest common factor